*q. What is the tens digit of q?
1
Let o(m) = -10*m + 6. Suppose 2*g + 7 = -3*j, -j + 0*g - 4*g + 11 = 0. Let s be (j - -4)*(-1 + 7). What is the units digit of o(s)?
6
Let k(x) = 1. Let c(m) = 6*m - 5. Let q(a) = -c(a) - 3*k(a). Let d be q(-1). Let z(b) = 3*b + 17. What is the tens digit of z(d)?
4
Suppose 2*p - 6*p + 16 = 0. What is the units digit of (5/(-10) + p)/(2/52)?
1
Let r = 77 - 93. Let t = 85 + r. What is the tens digit of t?
6
What is the tens digit of ((-255)/20 + 1)*(3 - 47)?
1
Suppose -3*r - 7 = -u, 6*u = 2*u - 5*r - 40. Let v = 21 - u. What is the units digit of v?
6
Suppose 4*x + 46 = 3*w, 8*x - 2*w + 61 = 3*x. Let v be 1 + x + (-3 - -3). What is the units digit of 3*(-4)/v + 11?
2
What is the thousands digit of (-232686)/(-198) - (-8)/(-44)?
1
Let o(y) = 4*y**2 + 53*y + 177. What is the hundreds digit of o(-23)?
0
Let y = -44 - -60. Let d = 22 + y. What is the units digit of d?
8
Suppose l = 5*d - 9, 4*d + 4*l + 5 + 7 = 0. Suppose -11 - d = -4*i. Suppose 0 = -i*f + 7*f + 5*w - 155, -5*w = -5*f + 250. What is the tens digit of f?
4
Suppose 7*b = -3*p + 11*b + 6509, 0 = -4*p + 2*b + 8682. What is the tens digit of p?
7
Let d(o) = 15*o**3 - 3*o**2 - 7*o + 5. What is the units digit of d(4)?
9
Suppose t - 1109 = -108. What is the tens digit of t?
0
Let w(l) = l**3 + 8*l**2 + 12*l + 5. Suppose -21 = -2*z - 33. What is the units digit of w(z)?
5
Suppose 8*q - 20 = 4. Suppose -a - q + 9 = 0. Suppose -a*s + 165 = -3*s. What is the units digit of s?
5
What is the hundreds digit of 1/(-3)*(4 - 466)?
1
Suppose 2387 = 4*f + h, -6*f - 4*h + 2396 = -2*f. What is the hundreds digit of f?
5
Suppose -k + 2092 = -2*l + 431, -3319 = -2*k + l. What is the units digit of k?
9
Let s = 636 + -391. What is the tens digit of s?
4
What is the hundreds digit of (56/35)/((-4)/(-9460))?
7
Let c = 36 - 36. Suppose -3*i + 3*y + 2*y = -65, -5*i - y + 71 = c. What is the units digit of i?
5
Suppose 0 = 5*j - 2*x - 4767, -5*x = -0*j - 3*j + 2845. What is the tens digit of j?
5
Let v = 2236 - 998. What is the hundreds digit of v?
2
Let w = -6 - -10. Let q be ((-2)/w)/(1/12). What is the tens digit of 447/21 + q/21?
2
Let x(n) = -n**3 - 7*n**2 - 7*n + 2. Let z be x(-4). Let r = z + 39. What is the units digit of r?
1
Let b = 959 - 513. What is the tens digit of b?
4
Let p = 47 + 80. Let r = -73 + p. What is the tens digit of r?
5
Let j(n) = n**3 + 3*n**2 - 3*n - 4. Let w be j(-3). Let s be 2 - -1*(-3 + w). Suppose -5*l + 77 = -2*i, -s*l + 4*i + 73 - 9 = 0. What is the units digit of l?
5
Suppose -3 = 5*j + 2. Let b be 186/(-36) + j/(-6). Let u(f) = -6*f - 4. What is the tens digit of u(b)?
2
Let g(s) = -s**3 + 8*s**2 + 6. Let y be g(8). Suppose 120 = -r + y*r. What is the tens digit of r?
2
Let r be -3 + -2 - (-103 + -2). Suppose -2*c - 20 = -5*c + n, -16 = -4*c - 4*n. What is the units digit of r/6 - (-2)/c?
7
Let f = 1050 + -553. What is the hundreds digit of f?
4
Let h(c) = -51*c + 33. Let x(a) = 25*a - 17. Let b(o) = 6*h(o) + 11*x(o). What is the hundreds digit of b(-3)?
1
Let w = 189 - 27. Suppose -7*n + 9*n = w. What is the tens digit of n?
8
Suppose 3*a + 4 = 2*f, -3*a = -4*f + 12 + 2. Suppose -2 + 16 = a*y. What is the units digit of ((-42)/y)/(2/(-14))?
2
Let g = 4 + -7. What is the hundreds digit of g + 1357/9 + 10/45?
1
Suppose -15*z + 6508 = -1607. What is the units digit of z?
1
Suppose 3*g + 3*l - 1338 = 0, -l - 160 - 296 = -g. What is the tens digit of g?
5
Let q(y) = y**2 + 8*y + 10. Let t be q(-6). Let j(w) = 13*w**2 - 2. What is the tens digit of j(t)?
5
Suppose -4*k = 4*g - 336, -5*k = -3*g - 0*g - 420. Suppose 424 + k = 4*t. What is the hundreds digit of t?
1
Let y(d) = -4*d + 3. Let t be y(-9). Let z = -6 - -9. What is the units digit of (1 - 0)*t/z?
3
Suppose -183 = -3*u - 45. Suppose -5*p = 2*t - u, 2*p + 0*p = 3*t + 26. Let r(w) = w**3 - 9*w**2 - 10*w + 7. What is the units digit of r(p)?
7
Let d be 1/2 + 69/6. Let o = d - -83. What is the units digit of o?
5
Let i be (-5)/(-2) - 3/(-6). Let s be -3 - (i - (-3)/(-3)). What is the units digit of (-24)/(-20)*s/(-2)?
3
Let j = 9 + -26. Let p = -9 - j. Let z = p + -6. What is the units digit of z?
2
Suppose 4*f = 2*v + 254, -f = 3*f + 4*v - 248. What is the units digit of f + 2 + (7 - 8)?
4
Suppose -2*g = -5*g. Suppose -2*k - k + 6 = g. Let q = k + 17. What is the tens digit of q?
1
Let z(d) be the first derivative of -d**5/60 - 5*d**4/8 + 5*d**2/2 + 11. Let l(i) be the second derivative of z(i). What is the units digit of l(-11)?
4
Suppose -3*x + 15 = -0*x. Suppose n - 16 = -n - x*c, -c + 2 = n. What is the units digit of n + 52 + -3*1?
7
Let s(q) = q**2 - 3*q - 1. Let i be s(4). Let b(h) = h**2 + 13*h + 27. Let t be b(-11). Suppose t*p - 48 = i*p. What is the units digit of p?
4
What is the hundreds digit of 8*22 - (-1 - 6 - -4)?
1
Suppose -5*i + 2255 = -5*k, 2*k - 3*i + 905 = -0*k. Let n = k - -644. What is the hundreds digit of n?
1
Let f(u) = 127*u + 784. What is the thousands digit of f(22)?
3
Suppose 144 - 30 = -2*j. Let i = -35 - j. What is the tens digit of i?
2
Suppose 3 = -3*g - 0*o - 4*o, 0 = 3*g + o - 6. Suppose -3*k - s = -8, k + 15 - 1 = g*s. Let i = k - -58. What is the tens digit of i?
5
Let k be (8/18)/(12/54). Suppose 4*q = -k*v + 678, 0 = -6*q + 5*q + 5*v + 153. Suppose -2*a + 5*h = -a - 99, -2*a + 4*h + q = 0. What is the tens digit of a?
7
Let d be (1*-2)/((-6)/513). Let q = 242 - d. What is the units digit of q?
1
Suppose 0 = -22*q + 15*q + 3171. What is the hundreds digit of q?
4
Let l(s) = 4*s**3 + 2*s**2 - 3*s + 2. Let i be l(-3). Let q = i - -117. What is the units digit of q?
8
Suppose -2*b + 4*k = -8, 4*b - 2*k - 3*k = 10. Suppose -3*i - 2*p = 2*i - 177, b = 4*i + 4*p - 144. What is the units digit of i?
5
Let y(f) = f**3 - f**2 + 2*f - 4. Let j be y(4). Let o = j - 35. What is the tens digit of o?
1
Suppose -7795 = -25*f + 1780. What is the units digit of f?
3
Let w(b) = -9*b + 1401. What is the thousands digit of w(0)?
1
Let r(o) be the second derivative of -2*o**3/3 + 10*o**2 - 6*o + 7. What is the units digit of r(-7)?
8
Let d(j) = 4*j**2 - 2*j. Let s be d(-1). Suppose -46 + s = 5*c. What is the units digit of 12/c*(-2)/3?
1
Let d(g) = -19*g**3 - 7*g**2 + 19*g + 7. What is the tens digit of d(-7)?
4
Let v be 4 - 9/((-9)/136). Let q = 201 - v. What is the units digit of q?
1
Suppose 0 = -9*l + 10*l + 81. Let k = -70 - l. What is the units digit of k?
1
Let y(j) = 15*j - 45. Suppose 0 = -0*l - 5*l + 30. What is the units digit of y(l)?
5
Let y(o) = 6*o**2 - 3*o - 3. Let f be y(-2). Let i = f - 23. Suppose -7*q + i*q + 146 = -2*d, d - 265 = -5*q. What is the units digit of q?
2
Let x = 19 - 14. Suppose y = 4, r - 141 = 5*y + x. Suppose 2*f = -3*s + r, -4*s + 2*s + 4*f + 132 = 0. What is the units digit of s?
8
Suppose 25 = 10*w + 5. Suppose -2*v - 3*q + w*q + 100 = 0, -2*q - 232 = -5*v. What is the units digit of v?
8
Let b(q) = q**3 - 4*q**2 + 2*q - 3. Let t be b(4). Suppose t*z - 173 = 52. What is the tens digit of z?
4
Let t(k) = 3*k - 1. Let w be t(5). Let y be 324/(-81) - (1 + 30). What is the units digit of 598/w - 10/y?
3
Let o(y) = 6*y**2 + 3*y - 2. Let s be o(3). Let x = -265 + 389. Let p = x - s. What is the units digit of p?
3
Suppose 7*f = 6*f + 15. Let p = -68 - -100. Suppose -5*i + 4*c = c - p, c = -2*i + f. What is the units digit of i?
7
Suppose 0 = y - 0 - 3. Suppose 0 = y*d + 293 - 32. What is the tens digit of d/(-6) - (-4)/8?
1
Suppose -2*t + t + 3 = 0. Suppose -132 = -3*f - t. What is the units digit of f?
3
Let t = -453 + 879. What is the units digit of t?
6
Let j(k) = -2*k**3 + k**2 + 5*k - 3. Let p be j(4). Let w = 193 + p. What is the units digit of w?
8
Let x = 454 - -313. What is the tens digit of x?
6
Let i = -17 - -15. Let y = 3 - i. Suppose -2*v + 56 = y*d - 6*v, -2*d + 5*v = -36. What is the units digit of d?
8
What is the hundreds digit of 11 - 54/5 - 15258/(-10)?
5
Let z = -13 - -15. Suppose 15 = -3*m, -4*o - z*m + 5*m + 107 = 0. Let p = o + 6. What is the units digit of p?
9
Let m be -76*(-4)/72 + 6/(-27). Suppose m*s - 3 = -g, 43 = 4*g + 3*s - 21. What is the units digit of g?
9
Suppose -13*m + 16*m = 996. What is the tens digit of m?
3
Suppose -2*h + 4*h - 403 = -3*d, -3*h + 125 = d. What is the units digit of d?
7
What 